ber?
False
Suppose -2*x + 115674 = 2*q, -5*x + 136953 = 2*q - 152238. Is x a prime number?
True
Let t = 73 - -3046. Let q(z) = 244*z**2 - 8*z - 6. Let v be q(3). Let p = t - v. Is p a composite number?
False
Let c(q) = 437*q + 2913. Is c(4) prime?
False
Let x(z) = -z**3 + 8*z**2 + 26*z + 2. Let h be x(32). Let s = -13309 - h. Is s composite?
False
Suppose 0 = 13*v + 173510 - 2199664. Is v composite?
True
Suppose 2*b + 12 = -6. Let j(m) = -9*m - 7*m - 16 - 7*m + 0. Is j(b) prime?
True
Let q(n) = 18*n**3 - 9*n**2 - 11*n - 9. Is q(17) a composite number?
True
Suppose 4*d - 163462 = -2*p, 190085 - 26611 = 2*p + d. Is p a prime number?
False
Suppose -6*g = -206 - 106. Let i = g - 42. Suppose i*v - 5*v = 2815. Is v a composite number?
False
Let v be (-2)/8 - 125890/(-40). Suppose s + v = 287. Let t = 4791 + s. Is t a composite number?
False
Let a = -769 + 2208. Let t = a - -1098. Is t a composite number?
True
Let j(m) = -m**3 - m**2 + 2*m + 20. Let s be j(0). Suppose -3*p = 2*g - 6*p - s, -2*p - 8 = 0. Is g/(-2 + (-5448)/(-2722)) a prime number?
False
Let t(q) = -216*q - 61. Is t(-38) a prime number?
True
Suppose 2224 = 23*k - 21*k. Let b = k - 742. Suppose 0 = -2*y + 4*a + b, -16 = y + a - 201. Is y prime?
False
Let s(y) = 662*y - 4. Let v = -54 - -66. Let u be s(v). Suppose 0 = 4*q - 0*q - u. Is q a composite number?
True
Let i be 10 + (0 - (0 + 0)). Let u(r) = 15*r**2 - 11*r + 7. Let x(w) = -31*w**2 + 22*w - 14. Let h(o) = 13*u(o) + 6*x(o). Is h(i) a prime number?
True
Let c(n) = 98*n**2 - 38*n - 7. Let m be c(-12). Suppose -14899 = -5*l + 5*k + 21511, -2*l = -5*k - m. Is l composite?
False
Suppose 2*p + 2448 = -4*y, -583 = -4*p - y - 5444. Let n = p - -4491. Is n prime?
False
Suppose 86*y = 76*y + 206810. Is y a prime number?
True
Let p = -1788 - -814. Let t = 4718 + p. Suppose 3*a + 3*s = -0*a + t, 3*a - 4*s - 3709 = 0. Is a a composite number?
True
Let c(z) = 4*z**2 + 41*z + 27. Is c(-24) composite?
True
Let u(y) = -71711*y - 1551. Is u(-20) composite?
True
Let u(d) = -15*d**3 + 3*d - 3. Let s(y) = y**3 + 11*y**2 + 12*y + 17. Let c be s(-10). Is u(c) composite?
True
Let c = 115 - 111. Suppose 4*v + 12 = -5*l, 12 + 4 = -c*l. Suppose -5*j = 4*f - 1293, 2*j + 5*f - 1038 = -v*j. Is j prime?
True
Let p be (-42)/(-7) + -11 - -3. Is (p - 2/(-1)) + 1377 + -34 composite?
True
Suppose -141 = 2*u - 33. Let m be 8/(-6 - -4) + 321. Let b = m - u. Is b composite?
True
Suppose c - 5*c + 5*d - 34 = 0, c - 3*d + 12 = 0. Let b(w) = -416*w**2 - 2*w - 4. Let i be b(4). Is 10/(-30) + i/c composite?
True
Let n = 20179 + -10950. Is n composite?
True
Let c(u) = 14*u**2 - 8*u - 357. Is c(-43) composite?
False
Let d be 1*2*-3*30/(-36). Let y be d/(35/(-21)) + (-49)/1. Let k = 170 + y. Is k a prime number?
False
Let y(z) = -2*z + 5. Let g be y(7). Let k(t) = 15*t**2 + 21 - 8*t**2 - 2 - 2*t - 2*t. Is k(g) a prime number?
False
Suppose -3*f = -7046 + 716. Let j = f + -1071. Is j prime?
True
Let r be (-4*10/(-160))/(1/(-4)). Is r - -2 - (-1731 - -59) a composite number?
True
Let d(i) = -11*i + 6. Let o be d(-8). Let s be 25*o*5/25. Let z = s + -233. Is z prime?
False
Suppose 4*a - 368*z = -373*z + 876644, -4*z = 2*a - 438322. Is a composite?
True
Suppose 50*w = -3*w + 265. Suppose w*h = -5*f + 105875, -5*h - 21199 = -3*f + 2*f. Is f a prime number?
True
Let q(t) = -t**3 - 33*t**2 - 28*t + 132. Let c be q(-32). Suppose c*f + h = 3545, -3*f + f + 1786 = -4*h. Is f a prime number?
True
Suppose 5*b = h + 13954, -b + 2770 = -2*h + 7*h. Let l = 1437 + b. Is l a composite number?
True
Let g(b) be the first derivative of -1219*b**5/120 + 5*b**4/24 - 13*b**3/3 - 8. Let v(w) be the third derivative of g(w). Is v(-2) a prime number?
False
Let c = 3 + 16. Let b = 24 - c. Suppose 2*x = 3*j + 2833 + 789, 4*j - 9101 = -b*x. Is x prime?
False
Is (189668/12 - -3)/((-116)/(-174)) a composite number?
True
Let w(p) = p - 1. Let f(k) = -k**2 - 10*k - 8. Let h be f(-9). Let m(y) = -73*y - 18. Let q(c) = h*m(c) - 3*w(c). Is q(-10) prime?
False
Suppose 4 = -4*q, -5*o - 3*q + 1054009 - 22007 = 0. Suppose 5*c - 82573 = -3*d + d, -2*c + o = 5*d. Is d composite?
True
Suppose 62*y - 3320652 = 16*y + 1679042. Is y prime?
False
Let j = -447990 + 690769. Is j a prime number?
True
Is ((-46)/(-42) + 4/(-42))*11015 prime?
False
Suppose 3*w - 9 = -21. Is (74/w)/((-2)/1324) a composite number?
True
Let d = -78319 - -194112. Is d a composite number?
False
Suppose 3*t + 8100 = 98763. Let i = t - 13418. Suppose 0 = 6*f + 3*f - i. Is f prime?
True
Let p be 1770/66 - (18/22 + -1). Suppose 3*d + 2*d + 4*s = p, 0 = -5*s + 15. Suppose -4*y + 219 = 3*t, -7*y + d*y = 2*t - 150. Is t a prime number?
False
Is (8 + -29)*(55920/(-28) + 7) prime?
False
Let x(g) = 2*g**2 + 29*g + 41. Let o be x(-13). Suppose 82 = -o*t + 10536. Is t a composite number?
False
Suppose 0 = 27*k - 11*k + 80. Is (0 - k)/(3864/3862 + -1) composite?
True
Let p = -4 + 12. Let m be p/(-24) - 14691/(-9). Is 1 + -4 + 2 + m a composite number?
True
Suppose -71*i = 108*i + 28374086 - 92341347. Is i a prime number?
True
Let z(q) = 66*q**2 + 8*q - 9. Suppose 6*r - 28 = 3*r - t, 0 = 2*t + 4. Let s be z(r). Suppose -13*w + s = -6*w. Is w composite?
False
Let l(g) = -g**3 - 3*g**2 - 3*g - 2. Let m be l(-2). Let j be 2 - m - (6 + -9). Suppose 1817 - 6012 = -j*y. Is y prime?
True
Let u be (1950/260)/((6/4)/1). Suppose -u*v - 4*i + 103716 = -3*i, v - 4*i = 20739. Is v a composite number?
False
Is 307271897/1179 - (-2 - (2 + (-102)/27)) a prime number?
False
Suppose 0 = -5*r + 52352 - 16947. Is r prime?
False
Let b(x) = -6*x**3 - 104*x**2 - 148*x + 999. Is b(-70) composite?
False
Suppose -43*s + 5*h = -48*s + 108425, -3*s + 2*h = -65055. Is s prime?
False
Let o = 48936 + 282905. Is o a composite number?
False
Is 386546/26 + (-1)/((-13)/(-2)) a prime number?
True
Let y be (-36)/(-270) - (-2549919)/45. Suppose 0*s = 7*s - y. Is s a composite number?
True
Let g(n) = -868*n**3 + 687*n**3 + 1192*n**3 + 1 + 3*n + 3*n**2 + 1311*n**3. Let m be g(-1). Let q = -1584 - m. Is q composite?
True
Let t(n) = 2 - 376*n + 1416*n + 885*n - 59. Is t(2) composite?
False
Let b(g) = 8 - 21 + 462*g - 74. Is b(15) composite?
True
Let c(i) = -i**2 - 12*i + 34. Suppose 0 = -5*v + 2*v - 2*a - 45, -3*a + 43 = -4*v. Let u be c(v). Is (0 - u/(-6))*44/2 a prime number?
False
Let h be ((-9)/18)/((-4)/145904). Suppose 15*i - h = 64367. Is i a prime number?
True
Suppose 5*t - 11478040 = -34*z + 33*z, 2*z = 7*t - 16069239. Is t prime?
False
Let g(z) = -74*z**2 + 5 + 34*z**2 + 3*z - 1 + 39*z**2. Let t be g(4). Suppose t = -10*v + 4009 + 8521. Is v prime?
False
Let d be 5*(6 - (-6126)/(-15)). Let i = -501 - d. Is i a prime number?
True
Let g be -3 - 56/(-12)*3. Let t(u) = -19 + g - 11 - 14 - 142*u. Is t(-5) a composite number?
False
Let v(r) be the third derivative of -r**6/40 + r**5/15 + r**4/8 + 7*r**3/6 + 30*r**2. Suppose 0 = 5*s + 6 + 9. Is v(s) a prime number?
False
Let i be (11295/6)/((-51)/68). Let h = i - -4605. Is h composite?
True
Suppose -b + p - 2*p + 15 = 0, -68 = -5*b + 2*p. Let w be (6/(-3))/((-16)/136). Suppose -w*u + b*u = -2757. Is u prime?
True
Suppose -2*r - 44 = -38. Let m be -438 - 14 - (r - -1). Let n = m + 767. Is n a prime number?
True
Suppose -102*q + 11674558 = -7151276. Is q a prime number?
True
Let c = -35 - -39. Let q = 13482 + -8059. Suppose -q + 411 = -c*i. Is i a prime number?
False
Suppose 10*f + 104631 = 11*f - 5*k, -4*f - k = -418566. Is f a composite number?
True
Let b(g) = -7154*g + 145. Is b(-14) prime?
False
Suppose 2*m - 12 = -2*i, 2*i + 48 = 5*i - 3*m. Suppose i*o + 4860 = o. Let b = o - -1477. Is b prime?
True
Let w(p) = 323*p**2 + 649*p - 27. Is w(-19) a composite number?
True
Suppose 2656 - 4179 = -o. Suppose 603 = -d - 441. Let i = o + d. Is i composite?
False
Suppose -26*l = -3773064 - 1280338 + 1154832. Is l a prime number?
False
Let w be -1139 - ((-12)/8 - 18/(-4)). Is (-42)/(-63) + w/(-6) a composite number?
False
Let j be 10/(80/56) + -5. Is (-3 - -2)/(j/2)*-1537 a prime number?
False
Let c be -2456*(108/16)/3. Let b = -2810 - c. Suppose 4*n = d - 887, -4*n - b = -3*d - 3*n. Is d composite?
False
Suppose -530*r + 1070*r = 539*r + 236207. Is r a composite number?
False
Let s = 252 + 174. Suppose 428*j = s*j + 11614. Is j a composite number?
False
